{"id":6343,"date":"2015-04-09T11:02:20","date_gmt":"2015-04-09T09:02:20","guid":{"rendered":"http:\/\/vinsiolisuner.com\/empeltre-2\/"},"modified":"2020-04-09T11:14:31","modified_gmt":"2020-04-09T09:14:31","slug":"empeltre","status":"publish","type":"page","link":"https:\/\/vinsiolisuner.com\/en\/empeltre\/","title":{"rendered":"Empeltre"},"content":{"rendered":"[expand title=&#8221;&#8221;]\n<h2>Oli d&#8217;oliva empeltre<\/h2>\n<p>Oli d&#8217;oliva empeltre &nbsp;es un oli t\u00edpic de les comarques de les Terres de l\u2019Ebre amb propietats organol\u00e8ptiques agradables en boca, amb sabor dol\u00e7, sense amargor ni picor i amb un romanent d\u2019ametlla i fruites.<\/p>\n<p>Aquest oli est\u00e0 recomanat per combinar tant en amanides i gaspatxos com en pasta, \u00e9s a dir, en cru. &nbsp;Tot i aix\u00f2 es l&#8217;ingredient perfecte per sopes, carns i guisats. Ideal per aquells plats on es vulgui potenciar el seu sabor.<\/p>\n<p>De fullatge verd foscos i brillant i oferint un fruit de tonalitat negre, aquesta olivera aporta una gran producci\u00f3, molt m\u00e9s que no pas l\u2019arbequina. El nom d&#8217;empeltre prov\u00e9 de la paraula &#8220;empelt&#8221;. Aquesta&nbsp;es una de les oliveres amb m\u00e9s hist\u00f2ria al nostre pa\u00eds&nbsp;i&nbsp;pot arribar-se a fer molt gran, malgrat la seva tija es baixa, cosa que fa que la seva propagaci\u00f3 s&#8217;hagi de fer mitjan\u00e7ant l&#8217;empelt, d&#8217;aqu\u00ed el seu nom.<\/p>\n<p>El proc\u00e9s que utilitzem en l&#8217;obtenci\u00f3 de tots els nostres olis es qualifica per ser un proc\u00e9s cuidat fins al m\u00e9s m\u00ednim detall en totes les seves fases i el nostre mol\u00ed compta amb la certificaci\u00f3 del Consell Catal\u00e0 de la Producci\u00f3 Agr\u00e0ria Ecol\u00f2gica (CCPAE).<\/p>\n<p>A Vins i Olis Su\u00f1er treballem continuament per oferir els millors productes als nostres consumidors.<\/p>\n[\/expand]\n","protected":false},"excerpt":{"rendered":"<p>[expand title=&#8221;&#8221;] Oli d&#8217;oliva empeltre Oli d&#8217;oliva empeltre &nbsp;es un oli t\u00edpic de les comarques de les Terres de l\u2019Ebre amb propietats organol\u00e8ptiques agradables en boca, amb sabor dol\u00e7, sense amargor ni picor i amb un romanent d\u2019ametlla i fruites. Aquest oli est\u00e0 recomanat per combinar tant en amanides i gaspatxos com en pasta, \u00e9s<\/p>\n","protected":false},"author":1,"featured_media":0,"parent":0,"menu_order":0,"comment_status":"closed","ping_status":"closed","template":"","meta":{"footnotes":""},"class_list":["post-6343","page","type-page","status-publish","hentry","prodpage-classic"],"yoast_head":"<!-- This site is optimized with the Yoast SEO plugin v25.2 - https:\/\/yoast.com\/wordpress\/plugins\/seo\/ -->\n<title>Empeltre | Vins i Olis Su\u00f1er<\/title>\n<meta name=\"description\" content=\"Oli d&#039;oliva empeltre es un oli t\u00edpic de les comarques de les Terres de l\u2019Ebre amb propietats organol\u00e8ptiques agradables en boca i amb sabor dol\u00e7.\" \/>\n<meta name=\"robots\" content=\"index, follow, max-snippet:-1, max-image-preview:large, max-video-preview:-1\" \/>\n<link rel=\"canonical\" href=\"https:\/\/vinsiolisuner.com\/en\/empeltre\/\" \/>\n<meta property=\"og:locale\" content=\"en_US\" \/>\n<meta property=\"og:type\" content=\"article\" \/>\n<meta property=\"og:title\" content=\"Empeltre | Vins i Olis Su\u00f1er\" \/>\n<meta property=\"og:description\" content=\"Oli d&#039;oliva empeltre es un oli t\u00edpic de les comarques de les Terres de l\u2019Ebre amb propietats organol\u00e8ptiques agradables en boca i amb sabor dol\u00e7.\" \/>\n<meta property=\"og:url\" content=\"https:\/\/vinsiolisuner.com\/en\/empeltre\/\" \/>\n<meta property=\"og:site_name\" content=\"Vins i Olis Su\u00f1er\" \/>\n<meta property=\"article:modified_time\" content=\"2020-04-09T09:14:31+00:00\" \/>\n<meta name=\"twitter:label1\" content=\"Est. reading time\" \/>\n\t<meta name=\"twitter:data1\" content=\"1 minute\" \/>\n<script type=\"application\/ld+json\" class=\"yoast-schema-graph\">{\"@context\":\"https:\/\/schema.org\",\"@graph\":[{\"@type\":\"WebPage\",\"@id\":\"https:\/\/vinsiolisuner.com\/en\/empeltre\/\",\"url\":\"https:\/\/vinsiolisuner.com\/en\/empeltre\/\",\"name\":\"Empeltre | Vins i Olis Su\u00f1er\",\"isPartOf\":{\"@id\":\"https:\/\/vinsiolisuner.com\/#website\"},\"datePublished\":\"2015-04-09T09:02:20+00:00\",\"dateModified\":\"2020-04-09T09:14:31+00:00\",\"description\":\"Oli d'oliva empeltre es un oli t\u00edpic de les comarques de les Terres de l\u2019Ebre amb propietats organol\u00e8ptiques agradables en boca i amb sabor dol\u00e7.\",\"breadcrumb\":{\"@id\":\"https:\/\/vinsiolisuner.com\/en\/empeltre\/#breadcrumb\"},\"inLanguage\":\"en-US\",\"potentialAction\":[{\"@type\":\"ReadAction\",\"target\":[\"https:\/\/vinsiolisuner.com\/en\/empeltre\/\"]}]},{\"@type\":\"BreadcrumbList\",\"@id\":\"https:\/\/vinsiolisuner.com\/en\/empeltre\/#breadcrumb\",\"itemListElement\":[{\"@type\":\"ListItem\",\"position\":1,\"name\":\"Portada\",\"item\":\"https:\/\/vinsiolisuner.com\/en\/\"},{\"@type\":\"ListItem\",\"position\":2,\"name\":\"Empeltre\"}]},{\"@type\":\"WebSite\",\"@id\":\"https:\/\/vinsiolisuner.com\/#website\",\"url\":\"https:\/\/vinsiolisuner.com\/\",\"name\":\"Vins i Olis Su\u00f1er\",\"description\":\"Vins i Olis Su\u00f1er\",\"potentialAction\":[{\"@type\":\"SearchAction\",\"target\":{\"@type\":\"EntryPoint\",\"urlTemplate\":\"https:\/\/vinsiolisuner.com\/?s={search_term_string}\"},\"query-input\":{\"@type\":\"PropertyValueSpecification\",\"valueRequired\":true,\"valueName\":\"search_term_string\"}}],\"inLanguage\":\"en-US\"}]}<\/script>\n<!-- \/ Yoast SEO plugin. -->","yoast_head_json":{"title":"Empeltre | Vins i Olis Su\u00f1er","description":"Oli d'oliva empeltre es un oli t\u00edpic de les comarques de les Terres de l\u2019Ebre amb propietats organol\u00e8ptiques agradables en boca i amb sabor dol\u00e7.","robots":{"index":"index","follow":"follow","max-snippet":"max-snippet:-1","max-image-preview":"max-image-preview:large","max-video-preview":"max-video-preview:-1"},"canonical":"https:\/\/vinsiolisuner.com\/en\/empeltre\/","og_locale":"en_US","og_type":"article","og_title":"Empeltre | Vins i Olis Su\u00f1er","og_description":"Oli d'oliva empeltre es un oli t\u00edpic de les comarques de les Terres de l\u2019Ebre amb propietats organol\u00e8ptiques agradables en boca i amb sabor dol\u00e7.","og_url":"https:\/\/vinsiolisuner.com\/en\/empeltre\/","og_site_name":"Vins i Olis Su\u00f1er","article_modified_time":"2020-04-09T09:14:31+00:00","twitter_misc":{"Est. reading time":"1 minute"},"schema":{"@context":"https:\/\/schema.org","@graph":[{"@type":"WebPage","@id":"https:\/\/vinsiolisuner.com\/en\/empeltre\/","url":"https:\/\/vinsiolisuner.com\/en\/empeltre\/","name":"Empeltre | Vins i Olis Su\u00f1er","isPartOf":{"@id":"https:\/\/vinsiolisuner.com\/#website"},"datePublished":"2015-04-09T09:02:20+00:00","dateModified":"2020-04-09T09:14:31+00:00","description":"Oli d'oliva empeltre es un oli t\u00edpic de les comarques de les Terres de l\u2019Ebre amb propietats organol\u00e8ptiques agradables en boca i amb sabor dol\u00e7.","breadcrumb":{"@id":"https:\/\/vinsiolisuner.com\/en\/empeltre\/#breadcrumb"},"inLanguage":"en-US","potentialAction":[{"@type":"ReadAction","target":["https:\/\/vinsiolisuner.com\/en\/empeltre\/"]}]},{"@type":"BreadcrumbList","@id":"https:\/\/vinsiolisuner.com\/en\/empeltre\/#breadcrumb","itemListElement":[{"@type":"ListItem","position":1,"name":"Portada","item":"https:\/\/vinsiolisuner.com\/en\/"},{"@type":"ListItem","position":2,"name":"Empeltre"}]},{"@type":"WebSite","@id":"https:\/\/vinsiolisuner.com\/#website","url":"https:\/\/vinsiolisuner.com\/","name":"Vins i Olis Su\u00f1er","description":"Vins i Olis Su\u00f1er","potentialAction":[{"@type":"SearchAction","target":{"@type":"EntryPoint","urlTemplate":"https:\/\/vinsiolisuner.com\/?s={search_term_string}"},"query-input":{"@type":"PropertyValueSpecification","valueRequired":true,"valueName":"search_term_string"}}],"inLanguage":"en-US"}]}},"_links":{"self":[{"href":"https:\/\/vinsiolisuner.com\/en\/wp-json\/wp\/v2\/pages\/6343","targetHints":{"allow":["GET"]}}],"collection":[{"href":"https:\/\/vinsiolisuner.com\/en\/wp-json\/wp\/v2\/pages"}],"about":[{"href":"https:\/\/vinsiolisuner.com\/en\/wp-json\/wp\/v2\/types\/page"}],"author":[{"embeddable":true,"href":"https:\/\/vinsiolisuner.com\/en\/wp-json\/wp\/v2\/users\/1"}],"replies":[{"embeddable":true,"href":"https:\/\/vinsiolisuner.com\/en\/wp-json\/wp\/v2\/comments?post=6343"}],"version-history":[{"count":6,"href":"https:\/\/vinsiolisuner.com\/en\/wp-json\/wp\/v2\/pages\/6343\/revisions"}],"predecessor-version":[{"id":17416,"href":"https:\/\/vinsiolisuner.com\/en\/wp-json\/wp\/v2\/pages\/6343\/revisions\/17416"}],"wp:attachment":[{"href":"https:\/\/vinsiolisuner.com\/en\/wp-json\/wp\/v2\/media?parent=6343"}],"curies":[{"name":"wp","href":"https:\/\/api.w.org\/{rel}","templated":true}]}}

[expand title=&#8221;&#8221;]
<h2>Oli d&#8217;oliva empeltre</h2>
<p>Oli d&#8217;oliva empeltre &nbsp;es un oli típic de les comarques de les Terres de l’Ebre amb propietats organolèptiques agradables en boca, amb sabor dolç, sense amargor ni picor i amb un romanent d’ametlla i fruites.</p>
<p>Aquest oli està recomanat per combinar tant en amanides i gaspatxos com en pasta, és a dir, en cru. &nbsp;Tot i això es l&#8217;ingredient perfecte per sopes, carns i guisats. Ideal per aquells plats on es vulgui potenciar el seu sabor.</p>
<p>De fullatge verd foscos i brillant i oferint un fruit de tonalitat negre, aquesta olivera aporta una gran producció, molt més que no pas l’arbequina. El nom d&#8217;empeltre prové de la paraula &#8220;empelt&#8221;. Aquesta&nbsp;es una de les oliveres amb més història al nostre país&nbsp;i&nbsp;pot arribar-se a fer molt gran, malgrat la seva tija es baixa, cosa que fa que la seva propagació s&#8217;hagi de fer mitjançant l&#8217;empelt, d&#8217;aquí el seu nom.</p>
<p>El procés que utilitzem en l&#8217;obtenció de tots els nostres olis es qualifica per ser un procés cuidat fins al més mínim detall en totes les seves fases i el nostre molí compta amb la certificació del Consell Català de la Producció Agrària Ecològica (CCPAE).</p>
<p>A Vins i Olis Suñer treballem continuament per oferir els millors productes als nostres consumidors.</p>
[/expand]

<p>[expand title=&#8221;&#8221;] Oli d&#8217;oliva empeltre Oli d&#8217;oliva empeltre &nbsp;es un oli típic de les comarques de les Terres de l’Ebre amb propietats organolèptiques agradables en boca, amb sabor dolç, sense amargor ni picor i amb un romanent d’ametlla i fruites. Aquest oli està recomanat per combinar tant en amanides i gaspatxos com en pasta, és</p>

<!-- This site is optimized with the Yoast SEO plugin v25.2 - https://yoast.com/wordpress/plugins/seo/ -->
<title>Empeltre | Vins i Olis Suñer</title>
<meta name="description" content="Oli d&#039;oliva empeltre es un oli típic de les comarques de les Terres de l’Ebre amb propietats organolèptiques agradables en boca i amb sabor dolç." />
<meta name="robots" content="index, follow, max-snippet:-1, max-image-preview:large, max-video-preview:-1" />
<link rel="canonical" href="https://vinsiolisuner.com/en/empeltre/" />
<meta property="og:locale" content="en_US" />
<meta property="og:type" content="article" />
<meta property="og:title" content="Empeltre | Vins i Olis Suñer" />
<meta property="og:description" content="Oli d&#039;oliva empeltre es un oli típic de les comarques de les Terres de l’Ebre amb propietats organolèptiques agradables en boca i amb sabor dolç." />
<meta property="og:url" content="https://vinsiolisuner.com/en/empeltre/" />
<meta property="og:site_name" content="Vins i Olis Suñer" />
<meta property="article:modified_time" content="2020-04-09T09:14:31+00:00" />
<meta name="twitter:label1" content="Est. reading time" />
	<meta name="twitter:data1" content="1 minute" />
<script type="application/ld+json" class="yoast-schema-graph">{"@context":"https://schema.org","@graph":[{"@type":"WebPage","@id":"https://vinsiolisuner.com/en/empeltre/","url":"https://vinsiolisuner.com/en/empeltre/","name":"Empeltre | Vins i Olis Suñer","isPartOf":{"@id":"https://vinsiolisuner.com/#website"},"datePublished":"2015-04-09T09:02:20+00:00","dateModified":"2020-04-09T09:14:31+00:00","description":"Oli d'oliva empeltre es un oli típic de les comarques de les Terres de l’Ebre amb propietats organolèptiques agradables en boca i amb sabor dolç.","breadcrumb":{"@id":"https://vinsiolisuner.com/en/empeltre/#breadcrumb"},"inLanguage":"en-US","potentialAction":[{"@type":"ReadAction","target":["https://vinsiolisuner.com/en/empeltre/"]}]},{"@type":"BreadcrumbList","@id":"https://vinsiolisuner.com/en/empeltre/#breadcrumb","itemListElement":[{"@type":"ListItem","position":1,"name":"Portada","item":"https://vinsiolisuner.com/en/"},{"@type":"ListItem","position":2,"name":"Empeltre"}]},{"@type":"WebSite","@id":"https://vinsiolisuner.com/#website","url":"https://vinsiolisuner.com/","name":"Vins i Olis Suñer","description":"Vins i Olis Suñer","potentialAction":[{"@type":"SearchAction","target":{"@type":"EntryPoint","urlTemplate":"https://vinsiolisuner.com/?s={search_term_string}"},"query-input":{"@type":"PropertyValueSpecification","valueRequired":true,"valueName":"search_term_string"}}],"inLanguage":"en-US"}]}</script>
<!-- / Yoast SEO plugin. -->

Empeltre | Vins i Olis Suñer

Oli d'oliva empeltre es un oli típic de les comarques de les Terres de l’Ebre amb propietats organolèptiques agradables en boca i amb sabor dolç.

Vins i Olis Suñer
